{"id":5784,"date":"2025-03-23T00:47:42","date_gmt":"2025-03-22T23:47:42","guid":{"rendered":"https:\/\/www.shiftpro.ma\/market\/?post_type=product&#038;p=5784"},"modified":"2025-03-23T01:23:23","modified_gmt":"2025-03-23T00:23:23","slug":"fax-brother-2845-laser-monochrome","status":"publish","type":"product","link":"https:\/\/www.shiftpro.ma\/market\/produit\/fax-brother-2845-laser-monochrome\/","title":{"rendered":"Fax Brother 2845 Laser monochrome"},"content":{"rendered":"<ul>\n<li><strong>Type :<\/strong> T\u00e9l\u00e9copieur laser monochrome avec combin\u00e9 t\u00e9l\u00e9phonique int\u00e9gr\u00e9<\/li>\n<li><strong>Transmission :<\/strong> Modem de 33,6 kbps pour une vitesse d\u2019envoi rapide<\/li>\n<li><strong>Num\u00e9rotation :<\/strong>\n<ul>\n<li>22 touches de num\u00e9rotation rapide<\/li>\n<li>200 num\u00e9ros abr\u00e9g\u00e9s<\/li>\n<\/ul>\n<\/li>\n<li><strong>Capacit\u00e9 papier :<\/strong>\n<ul>\n<li>Chargeur automatique de documents : jusqu\u2019\u00e0 30 feuilles<\/li>\n<li>Bac de sortie : jusqu\u2019\u00e0 100 feuilles<\/li>\n<li>Capacit\u00e9 totale : 250 feuilles<\/li>\n<\/ul>\n<\/li>\n<li><strong>M\u00e9moire interne :<\/strong> Stocke jusqu\u2019\u00e0 400 pages pour une gestion fluide des fax<\/li>\n<li><strong>Impression :<\/strong>\n<ul>\n<li>Jusqu&#8217;\u00e0 20 copies par minute en monochrome<\/li>\n<li>Id\u00e9al pour simplifier les t\u00e2ches quotidiennes et am\u00e9liorer la productivit\u00e9<\/li>\n<\/ul>\n<\/li>\n<\/ul>\n","protected":false},"excerpt":{"rendered":"<ul>\n<li><strong>R\u00e9f\u00e9rence: FAX2845<\/strong><\/li>\n<li><strong>Type :<\/strong> T\u00e9l\u00e9copieur laser monochrome avec combin\u00e9 t\u00e9l\u00e9phonique int\u00e9gr\u00e9<\/li>\n<li><strong>Transmission :<\/strong> Modem de 33,6 kbps pour une vitesse d\u2019envoi rapide<\/li>\n<\/ul>\n","protected":false},"featured_media":5786,"comment_status":"open","ping_status":"closed","template":"","meta":{"_acf_changed":false},"product_brand":[],"product_cat":[253,245,250],"product_tag":[],"class_list":{"0":"post-5784","1":"product","2":"type-product","3":"status-publish","4":"has-post-thumbnail","6":"product_cat-fax","7":"product_cat-imprimante-scanner","8":"product_cat-traceur","10":"first","11":"instock","12":"shipping-taxable","13":"purchasable","14":"product-type-simple"},"acf":[],"_links":{"self":[{"href":"https:\/\/www.shiftpro.ma\/market\/wp-json\/wp\/v2\/product\/5784","targetHints":{"allow":["GET"]}}],"collection":[{"href":"https:\/\/www.shiftpro.ma\/market\/wp-json\/wp\/v2\/product"}],"about":[{"href":"https:\/\/www.shiftpro.ma\/market\/wp-json\/wp\/v2\/types\/product"}],"replies":[{"embeddable":true,"href":"https:\/\/www.shiftpro.ma\/market\/wp-json\/wp\/v2\/comments?post=5784"}],"wp:featuredmedia":[{"embeddable":true,"href":"https:\/\/www.shiftpro.ma\/market\/wp-json\/wp\/v2\/media\/5786"}],"wp:attachment":[{"href":"https:\/\/www.shiftpro.ma\/market\/wp-json\/wp\/v2\/media?parent=5784"}],"wp:term":[{"taxonomy":"product_brand","embeddable":true,"href":"https:\/\/www.shiftpro.ma\/market\/wp-json\/wp\/v2\/product_brand?post=5784"},{"taxonomy":"product_cat","embeddable":true,"href":"https:\/\/www.shiftpro.ma\/market\/wp-json\/wp\/v2\/product_cat?post=5784"},{"taxonomy":"product_tag","embeddable":true,"href":"https:\/\/www.shiftpro.ma\/market\/wp-json\/wp\/v2\/product_tag?post=5784"}],"curies":[{"name":"wp","href":"https:\/\/api.w.org\/{rel}","templated":true}]}}