{"id":2718,"date":"2016-03-19T14:31:17","date_gmt":"2016-03-19T14:31:17","guid":{"rendered":"https:\/\/electro.madrasthemes.com\/?post_type=product&#038;p=2718"},"modified":"2025-03-23T01:30:52","modified_gmt":"2025-03-23T00:30:52","slug":"imprimante-portable-hp-officejet-202-n4k99c-jet-dencre","status":"publish","type":"product","link":"https:\/\/www.shiftpro.ma\/market\/produit\/imprimante-portable-hp-officejet-202-n4k99c-jet-dencre\/","title":{"rendered":"Imprimante Portable HP OfficeJet 202 (N4K99C) Jet d&#8217;encre"},"content":{"rendered":"<ul>\n<li><strong>Mod\u00e8le :<\/strong>\u00a0HP OfficeJet 202<\/li>\n<li><strong>R\u00e9f\u00e9rence :<\/strong>\u00a0N4K99C<\/li>\n<li><strong>Type :<\/strong>\u00a0Imprimante portable jet d&#8217;encre couleur<\/li>\n<li><strong>Fonctions :<\/strong>\u00a0Impression<\/li>\n<li><strong>Technologie d&#8217;impression :<\/strong>\u00a0Jet d&#8217;encre<\/li>\n<li><strong>Cartouches d&#8217;impression :<\/strong>\u00a02 Cartouches (1 noire, 1 couleur : cyan, magenta, jaune)\n<ul>\n<li><strong>Consommables fournis :<\/strong>\n<ul>\n<li>HP 651 Cartouche d&#8217;encre de d\u00e9marrage noir (environ 600 pages)<\/li>\n<li>HP 651 Cartouche d&#8217;encre de d\u00e9marrage trois couleurs (environ 300 pages)<\/li>\n<\/ul>\n<\/li>\n<li><strong>Cartouches compatibles :<\/strong>\n<ul>\n<li>HP 651 cartouche noire Ink Advantage (environ 600 pages)<\/li>\n<li>HP 651 cartouche trois couleurs Ink Advantage (environ 300 pages)<\/li>\n<\/ul>\n<\/li>\n<\/ul>\n<\/li>\n<li><strong>Vitesse d&#8217;impression :<\/strong>\n<ul>\n<li><strong>Noir :<\/strong>\u00a020 pages\/min (10 pages\/min en norme ISO) ; sur batterie : 9 pages\/min (ISO)<\/li>\n<li><strong>Couleur :<\/strong>\u00a019 pages\/min (7 pages\/min en norme ISO) ; sur batterie : 6 pages\/min (ISO)<\/li>\n<\/ul>\n<\/li>\n<li><strong>Qualit\u00e9 d&#8217;impression :<\/strong>\n<ul>\n<li><strong>Noir :<\/strong>\u00a0Jusqu&#8217;\u00e0 1200 x 1200 DPI (ppp) rendus<\/li>\n<li><strong>Couleur :<\/strong>\u00a0Jusqu&#8217;\u00e0 4800 x 1200 DPI (ppp) optimis\u00e9s<\/li>\n<\/ul>\n<\/li>\n<li><strong>\u00c9cran :<\/strong>\u00a0\u00c9cran graphique monochrome (MGD) de 5,08 cm (2 pouces) haute r\u00e9solution<\/li>\n<li><strong>Cycle d&#8217;utilisation :<\/strong>\u00a0Jusqu&#8217;\u00e0 500 pages\/mois (A4)<\/li>\n<li><strong>Volume de pages mensuel recommand\u00e9 :<\/strong>\u00a0100 \u00e0 300 pages\/mois<\/li>\n<li><strong>Connectivit\u00e9 :<\/strong>\u00a0Wi-Fi ; 1 port USB 2.0<\/li>\n<li><strong>Impression recto\/verso :<\/strong>\u00a0Manuelle<\/li>\n<li><strong>Impression sans bordure :<\/strong>\u00a0Oui (jusqu&#8217;\u00e0 127 x 177 mm)<\/li>\n<li><strong>Capacit\u00e9 du bac \u00e0 papier :<\/strong>\u00a0Jusqu&#8217;\u00e0 50 feuilles<\/li>\n<li><strong>Formats de papier pris en charge :<\/strong>\u00a0A4, A5, A6, B5 (ISO), B5 (JIS), enveloppes (A2, C5, C6, DL), photos (10 x 15 cm)<\/li>\n<li><strong>Types de papier pris en charge :<\/strong>\u00a0Papier ordinaire, papiers photo HP, papier mat\/brillant pour brochure ou pr\u00e9sentation, autres papiers photo, mats, ou brillants jet d&#8217;encre, papier ordinaire l\u00e9ger\/recycl\u00e9<\/li>\n<li><strong>Formats et grammages de supports :<\/strong>\u00a060 \u00e0 300 g\/m\u00b2<\/li>\n<li><strong>Dimensions (L x P x H) :<\/strong>\u00a0364 x 186 x 69 mm<\/li>\n<li><strong>Poids :<\/strong>\u00a02,1 kg (2,2 kg avec batterie)<\/li>\n<li><strong>M\u00e9moire install\u00e9e :<\/strong>\u00a0128 Mo<\/li>\n<li><strong>Syst\u00e8mes d&#8217;exploitation compatibles :<\/strong>\n<ul>\n<li><strong>Windows :<\/strong>\u00a010, 8.1, 8, 7 (32\/64 bits), Vista (32 bits) avec 2 Go d&#8217;espace disque, CD-ROM\/DVD ou connexion Internet, port USB, Internet Explorer<\/li>\n<li><strong>Mac OS :<\/strong>\u00a0OS X Yosemite (v10.10), OS X Mavericks (v10.9), OS X Mountain Lion (v10.8)<\/li>\n<\/ul>\n<\/li>\n<li><strong>Contenu de la bo\u00eete :<\/strong>\n<ul>\n<li>Imprimante portable HP OfficeJet 202<\/li>\n<li>HP 651 Cartouche d&#8217;encre de d\u00e9marrage noire (environ 600 pages)<\/li>\n<li>HP 651 Cartouche d&#8217;encre de d\u00e9marrage trois couleurs (environ 300 pages)<\/li>\n<li>Brochure sur les r\u00e9glementations<\/li>\n<li>Affiche d&#8217;installation<\/li>\n<li>Cordon d&#8217;alimentation<\/li>\n<\/ul>\n<\/li>\n<li><strong>C\u00e2ble fourni :<\/strong>\u00a0Non (c\u00e2ble USB \u00e0 acheter s\u00e9par\u00e9ment)<\/li>\n<li><strong>Logiciels inclus :<\/strong>\u00a0HP Dropbox, HP Google Drive, Microsoft DotNet<\/li>\n<li><strong>Garantie :<\/strong>\u00a01 AN<\/li>\n<\/ul>\n","protected":false},"excerpt":{"rendered":"<ul>\n<li><strong>R\u00e9f\u00e9rence: N4K99C<\/strong><\/li>\n<li><strong>Mod\u00e8le :<\/strong> HP OfficeJet 202<\/li>\n<li><strong>R\u00e9f\u00e9rence :<\/strong> N4K99C<\/li>\n<li><strong>Type :<\/strong> Imprimante portable jet d&#8217;encre couleur<\/li>\n<li><strong>Fonctions :<\/strong> Impression<\/li>\n<\/ul>\n","protected":false},"featured_media":5772,"comment_status":"open","ping_status":"closed","template":"","meta":{"_acf_changed":false},"product_brand":[],"product_cat":[255,245,248],"product_tag":[],"class_list":{"0":"post-2718","1":"product","2":"type-product","3":"status-publish","4":"has-post-thumbnail","6":"product_cat-imprimante","7":"product_cat-imprimante-scanner","8":"product_cat-imprimante-jet-dencre","10":"first","11":"instock","12":"shipping-taxable","13":"purchasable","14":"product-type-simple"},"acf":[],"_links":{"self":[{"href":"https:\/\/www.shiftpro.ma\/market\/wp-json\/wp\/v2\/product\/2718","targetHints":{"allow":["GET"]}}],"collection":[{"href":"https:\/\/www.shiftpro.ma\/market\/wp-json\/wp\/v2\/product"}],"about":[{"href":"https:\/\/www.shiftpro.ma\/market\/wp-json\/wp\/v2\/types\/product"}],"replies":[{"embeddable":true,"href":"https:\/\/www.shiftpro.ma\/market\/wp-json\/wp\/v2\/comments?post=2718"}],"wp:featuredmedia":[{"embeddable":true,"href":"https:\/\/www.shiftpro.ma\/market\/wp-json\/wp\/v2\/media\/5772"}],"wp:attachment":[{"href":"https:\/\/www.shiftpro.ma\/market\/wp-json\/wp\/v2\/media?parent=2718"}],"wp:term":[{"taxonomy":"product_brand","embeddable":true,"href":"https:\/\/www.shiftpro.ma\/market\/wp-json\/wp\/v2\/product_brand?post=2718"},{"taxonomy":"product_cat","embeddable":true,"href":"https:\/\/www.shiftpro.ma\/market\/wp-json\/wp\/v2\/product_cat?post=2718"},{"taxonomy":"product_tag","embeddable":true,"href":"https:\/\/www.shiftpro.ma\/market\/wp-json\/wp\/v2\/product_tag?post=2718"}],"curies":[{"name":"wp","href":"https:\/\/api.w.org\/{rel}","templated":true}]}}